{"id":7112,"date":"2024-12-26T10:48:16","date_gmt":"2024-12-26T16:48:16","guid":{"rendered":"https:\/\/elmilagro.org.mx\/st\/?post_type=tribe_events&#038;p=7112"},"modified":"2024-12-26T10:49:09","modified_gmt":"2024-12-26T16:49:09","slug":"homenaje-a-coral-aguirre","status":"publish","type":"tribe_events","link":"https:\/\/elmilagro.org.mx\/st\/funcion\/homenaje-a-coral-aguirre\/","title":{"rendered":"HOMENAJE A CORAL AGUIRRE"},"content":{"rendered":"<h1><img loading=\"lazy\" class=\"wp-image-7113 aligncenter\" src=\"https:\/\/elmilagro.org.mx\/st\/wp-content\/uploads\/2024\/12\/whatsapp-image-2024-12-23-at-17.15.48-263x300.jpeg\" alt=\"\" width=\"285\" height=\"325\" srcset=\"https:\/\/elmilagro.org.mx\/st\/wp-content\/uploads\/2024\/12\/whatsapp-image-2024-12-23-at-17.15.48-263x300.jpeg 263w, https:\/\/elmilagro.org.mx\/st\/wp-content\/uploads\/2024\/12\/whatsapp-image-2024-12-23-at-17.15.48-896x1024.jpeg 896w, https:\/\/elmilagro.org.mx\/st\/wp-content\/uploads\/2024\/12\/whatsapp-image-2024-12-23-at-17.15.48-768x878.jpeg 768w, https:\/\/elmilagro.org.mx\/st\/wp-content\/uploads\/2024\/12\/whatsapp-image-2024-12-23-at-17.15.48.jpeg 1120w\" sizes=\"(max-width: 285px) 100vw, 285px\" \/><\/h1>\n<h1>Teatro El Milagro rinde homenaje a Coral Aguirre.<\/h1>\n<p>&nbsp;<\/p>\n<p>Te esperamos el 8 de febrero del 2025, a las 19:00 hrs.<\/p>\n<p>&nbsp;<\/p>\n<p>Participan: V\u00edctor Barrera Enderle, Bertha Hern\u00e1ndez, Francisco de Hoyos, Jes\u00fas Jim\u00e9nez C\u00f3rdoba, Vidal Medina y Gabriel Pascal.<\/p>\n","protected":false},"excerpt":{"rendered":"<p>Teatro El Milagro rinde homenaje a Coral Aguirre. &nbsp; Te esperamos el 8 de febrero del 2025, a las 19:00 hrs. &nbsp; Participan: V\u00edctor Barrera Enderle, Bertha Hern\u00e1ndez, Francisco de Hoyos, Jes\u00fas Jim\u00e9nez C\u00f3rdoba, Vidal Medina y Gabriel Pascal.<\/p>\n","protected":false},"author":4,"featured_media":7113,"comment_status":"open","ping_status":"closed","template":"","meta":[],"tags":[],"tribe_events_cat":[],"_links":{"self":[{"href":"https:\/\/elmilagro.org.mx\/st\/wp-json\/wp\/v2\/tribe_events\/7112"}],"collection":[{"href":"https:\/\/elmilagro.org.mx\/st\/wp-json\/wp\/v2\/tribe_events"}],"about":[{"href":"https:\/\/elmilagro.org.mx\/st\/wp-json\/wp\/v2\/types\/tribe_events"}],"author":[{"embeddable":true,"href":"https:\/\/elmilagro.org.mx\/st\/wp-json\/wp\/v2\/users\/4"}],"replies":[{"embeddable":true,"href":"https:\/\/elmilagro.org.mx\/st\/wp-json\/wp\/v2\/comments?post=7112"}],"version-history":[{"count":1,"href":"https:\/\/elmilagro.org.mx\/st\/wp-json\/wp\/v2\/tribe_events\/7112\/revisions"}],"predecessor-version":[{"id":7114,"href":"https:\/\/elmilagro.org.mx\/st\/wp-json\/wp\/v2\/tribe_events\/7112\/revisions\/7114"}],"wp:featuredmedia":[{"embeddable":true,"href":"https:\/\/elmilagro.org.mx\/st\/wp-json\/wp\/v2\/media\/7113"}],"wp:attachment":[{"href":"https:\/\/elmilagro.org.mx\/st\/wp-json\/wp\/v2\/media?parent=7112"}],"wp:term":[{"taxonomy":"post_tag","embeddable":true,"href":"https:\/\/elmilagro.org.mx\/st\/wp-json\/wp\/v2\/tags?post=7112"},{"taxonomy":"tribe_events_cat","embeddable":true,"href":"https:\/\/elmilagro.org.mx\/st\/wp-json\/wp\/v2\/tribe_events_cat?post=7112"}],"curies":[{"name":"wp","href":"https:\/\/api.w.org\/{rel}","templated":true}]}}

<h1><img loading="lazy" class="wp-image-7113 aligncenter" src="https://elmilagro.org.mx/st/wp-content/uploads/2024/12/whatsapp-image-2024-12-23-at-17.15.48-263x300.jpeg" alt="" width="285" height="325" srcset="https://elmilagro.org.mx/st/wp-content/uploads/2024/12/whatsapp-image-2024-12-23-at-17.15.48-263x300.jpeg 263w, https://elmilagro.org.mx/st/wp-content/uploads/2024/12/whatsapp-image-2024-12-23-at-17.15.48-896x1024.jpeg 896w, https://elmilagro.org.mx/st/wp-content/uploads/2024/12/whatsapp-image-2024-12-23-at-17.15.48-768x878.jpeg 768w, https://elmilagro.org.mx/st/wp-content/uploads/2024/12/whatsapp-image-2024-12-23-at-17.15.48.jpeg 1120w" sizes="(max-width: 285px) 100vw, 285px" /></h1>
<h1>Teatro El Milagro rinde homenaje a Coral Aguirre.</h1>
<p>&nbsp;</p>
<p>Te esperamos el 8 de febrero del 2025, a las 19:00 hrs.</p>
<p>&nbsp;</p>
<p>Participan: Víctor Barrera Enderle, Bertha Hernández, Francisco de Hoyos, Jesús Jiménez Córdoba, Vidal Medina y Gabriel Pascal.</p>

<p>Teatro El Milagro rinde homenaje a Coral Aguirre. &nbsp; Te esperamos el 8 de febrero del 2025, a las 19:00 hrs. &nbsp; Participan: Víctor Barrera Enderle, Bertha Hernández, Francisco de Hoyos, Jesús Jiménez Córdoba, Vidal Medina y Gabriel Pascal.</p>
