{"id":6978,"date":"2024-11-03T09:00:34","date_gmt":"2024-11-03T15:00:34","guid":{"rendered":"https:\/\/elmilagro.org.mx\/st\/?post_type=tribe_events&#038;p=6978"},"modified":"2024-10-29T16:00:27","modified_gmt":"2024-10-29T22:00:27","slug":"taller-de-iluminacion-impartido-por-gabriel-pascal-2","status":"publish","type":"tribe_events","link":"https:\/\/elmilagro.org.mx\/st\/funcion\/taller-de-iluminacion-impartido-por-gabriel-pascal-2\/","title":{"rendered":"Taller de Iluminaci\u00f3n Impartido por GABRIEL PASCAL"},"content":{"rendered":"<p>\u00c9ste <em>2 y 9 de noviembre<\/em> participa en el<strong> Taller de Iluminaci\u00f3n<\/strong> que impartir\u00e1<strong> Gabriel Pascal<\/strong>.<\/p>\n<p>&nbsp;<\/p>\n<p>Para participar env\u00eda tu semblanza curricular con un m\u00e1ximo de 500 caracteres al correo:<\/p>\n<p><em>rocio@edicioneselmilagro.com.mx<\/em><\/p>\n","protected":false},"excerpt":{"rendered":"<p>\u00c9ste 2 y 9 de noviembre participa en el Taller de Iluminaci\u00f3n que impartir\u00e1 Gabriel Pascal. &nbsp; Para participar env\u00eda tu semblanza curricular con un m\u00e1ximo de 500 caracteres al correo: rocio@edicioneselmilagro.com.mx<\/p>\n","protected":false},"author":4,"featured_media":6965,"comment_status":"open","ping_status":"closed","template":"","meta":[],"tags":[],"tribe_events_cat":[],"_links":{"self":[{"href":"https:\/\/elmilagro.org.mx\/st\/wp-json\/wp\/v2\/tribe_events\/6978"}],"collection":[{"href":"https:\/\/elmilagro.org.mx\/st\/wp-json\/wp\/v2\/tribe_events"}],"about":[{"href":"https:\/\/elmilagro.org.mx\/st\/wp-json\/wp\/v2\/types\/tribe_events"}],"author":[{"embeddable":true,"href":"https:\/\/elmilagro.org.mx\/st\/wp-json\/wp\/v2\/users\/4"}],"replies":[{"embeddable":true,"href":"https:\/\/elmilagro.org.mx\/st\/wp-json\/wp\/v2\/comments?post=6978"}],"version-history":[{"count":1,"href":"https:\/\/elmilagro.org.mx\/st\/wp-json\/wp\/v2\/tribe_events\/6978\/revisions"}],"predecessor-version":[{"id":6979,"href":"https:\/\/elmilagro.org.mx\/st\/wp-json\/wp\/v2\/tribe_events\/6978\/revisions\/6979"}],"wp:featuredmedia":[{"embeddable":true,"href":"https:\/\/elmilagro.org.mx\/st\/wp-json\/wp\/v2\/media\/6965"}],"wp:attachment":[{"href":"https:\/\/elmilagro.org.mx\/st\/wp-json\/wp\/v2\/media?parent=6978"}],"wp:term":[{"taxonomy":"post_tag","embeddable":true,"href":"https:\/\/elmilagro.org.mx\/st\/wp-json\/wp\/v2\/tags?post=6978"},{"taxonomy":"tribe_events_cat","embeddable":true,"href":"https:\/\/elmilagro.org.mx\/st\/wp-json\/wp\/v2\/tribe_events_cat?post=6978"}],"curies":[{"name":"wp","href":"https:\/\/api.w.org\/{rel}","templated":true}]}}

Taller de Iluminación Impartido por GABRIEL PASCAL

<p>Éste <em>2 y 9 de noviembre</em> participa en el<strong> Taller de Iluminación</strong> que impartirá<strong> Gabriel Pascal</strong>.</p>
<p>&nbsp;</p>
<p>Para participar envía tu semblanza curricular con un máximo de 500 caracteres al correo:</p>
<p><em>rocio@edicioneselmilagro.com.mx</em></p>

<p>Éste 2 y 9 de noviembre participa en el Taller de Iluminación que impartirá Gabriel Pascal. &nbsp; Para participar envía tu semblanza curricular con un máximo de 500 caracteres al correo: rocio@edicioneselmilagro.com.mx</p>
