{"id":6896,"date":"2024-10-25T22:04:03","date_gmt":"2024-10-26T03:04:03","guid":{"rendered":"https:\/\/elmilagro.org.mx\/st\/?post_type=tribe_events&#038;p=6896"},"modified":"2024-10-26T16:12:52","modified_gmt":"2024-10-26T21:12:52","slug":"la-venderdora-de-nubes-12","status":"publish","type":"tribe_events","link":"https:\/\/elmilagro.org.mx\/st\/funcion\/la-venderdora-de-nubes-12\/","title":{"rendered":"La Vendedora de Nubes"},"content":{"rendered":"<p><img loading=\"lazy\" class=\"alignnone size-medium wp-image-6854\" src=\"https:\/\/elmilagro.org.mx\/st\/wp-content\/uploads\/2024\/10\/captura-de-pantalla-2024-10-25-a-las-18.50.20-1-300x300.png\" alt=\"\" width=\"300\" height=\"300\" srcset=\"https:\/\/elmilagro.org.mx\/st\/wp-content\/uploads\/2024\/10\/captura-de-pantalla-2024-10-25-a-las-18.50.20-1-300x300.png 300w, https:\/\/elmilagro.org.mx\/st\/wp-content\/uploads\/2024\/10\/captura-de-pantalla-2024-10-25-a-las-18.50.20-1-1024x1024.png 1024w, https:\/\/elmilagro.org.mx\/st\/wp-content\/uploads\/2024\/10\/captura-de-pantalla-2024-10-25-a-las-18.50.20-1-150x150.png 150w, https:\/\/elmilagro.org.mx\/st\/wp-content\/uploads\/2024\/10\/captura-de-pantalla-2024-10-25-a-las-18.50.20-1-1536x1536.png 1536w, https:\/\/elmilagro.org.mx\/st\/wp-content\/uploads\/2024\/10\/captura-de-pantalla-2024-10-25-a-las-18.50.20-1-2048x2048.png 2048w\" sizes=\"(max-width: 300px) 100vw, 300px\" \/><\/p>\n","protected":false},"excerpt":{"rendered":"<p>En un colorido mercado, en medio del olor a naranjas y romero, entre el sonido y las voces de los marchantes, una ni\u00f1a intenta vender una mercanc\u00eda poco com\u00fan: una nube. La so\u00f1\u00f3 una noche y a la ma\u00f1ana siguiente apareci\u00f3 frente a su puerta, y pues nada m\u00e1s le at\u00f3 un cordelito para que no se le perdiera. La ofrece al licenciado, a la se\u00f1ora emperifollada, al pol\u00edtico, al militar, al estudiante, pero nadie parece valorarla. Sin embargo, una &#8220;vagamunda&#8221; muy sabedora le har\u00e1 ver la importancia de no renunciar a algo tan valioso como su nube, es decir, a sus sue\u00f1os y su dignidad.<\/p>\n","protected":false},"author":4,"featured_media":6862,"comment_status":"open","ping_status":"closed","template":"","meta":[],"tags":[],"tribe_events_cat":[],"_links":{"self":[{"href":"https:\/\/elmilagro.org.mx\/st\/wp-json\/wp\/v2\/tribe_events\/6896"}],"collection":[{"href":"https:\/\/elmilagro.org.mx\/st\/wp-json\/wp\/v2\/tribe_events"}],"about":[{"href":"https:\/\/elmilagro.org.mx\/st\/wp-json\/wp\/v2\/types\/tribe_events"}],"author":[{"embeddable":true,"href":"https:\/\/elmilagro.org.mx\/st\/wp-json\/wp\/v2\/users\/4"}],"replies":[{"embeddable":true,"href":"https:\/\/elmilagro.org.mx\/st\/wp-json\/wp\/v2\/comments?post=6896"}],"version-history":[{"count":2,"href":"https:\/\/elmilagro.org.mx\/st\/wp-json\/wp\/v2\/tribe_events\/6896\/revisions"}],"predecessor-version":[{"id":6951,"href":"https:\/\/elmilagro.org.mx\/st\/wp-json\/wp\/v2\/tribe_events\/6896\/revisions\/6951"}],"wp:featuredmedia":[{"embeddable":true,"href":"https:\/\/elmilagro.org.mx\/st\/wp-json\/wp\/v2\/media\/6862"}],"wp:attachment":[{"href":"https:\/\/elmilagro.org.mx\/st\/wp-json\/wp\/v2\/media?parent=6896"}],"wp:term":[{"taxonomy":"post_tag","embeddable":true,"href":"https:\/\/elmilagro.org.mx\/st\/wp-json\/wp\/v2\/tags?post=6896"},{"taxonomy":"tribe_events_cat","embeddable":true,"href":"https:\/\/elmilagro.org.mx\/st\/wp-json\/wp\/v2\/tribe_events_cat?post=6896"}],"curies":[{"name":"wp","href":"https:\/\/api.w.org\/{rel}","templated":true}]}}

<p>En un colorido mercado, en medio del olor a naranjas y romero, entre el sonido y las voces de los marchantes, una niña intenta vender una mercancía poco común: una nube. La soñó una noche y a la mañana siguiente apareció frente a su puerta, y pues nada más le ató un cordelito para que no se le perdiera. La ofrece al licenciado, a la señora emperifollada, al político, al militar, al estudiante, pero nadie parece valorarla. Sin embargo, una &#8220;vagamunda&#8221; muy sabedora le hará ver la importancia de no renunciar a algo tan valioso como su nube, es decir, a sus sueños y su dignidad.</p>
