{"id":348,"date":"2017-04-28T21:45:32","date_gmt":"2017-04-28T21:45:32","guid":{"rendered":"http:\/\/bantics.xyz\/bgmil\/?page_id=348"},"modified":"2024-11-20T21:03:49","modified_gmt":"2024-11-21T03:03:49","slug":"directorio","status":"publish","type":"page","link":"https:\/\/elmilagro.org.mx\/st\/directorio\/","title":{"rendered":"Directorio"},"content":{"rendered":"[vc_row][mk_fancy_title tag_name=&#8221;span&#8221; color=&#8221;#404040&#8243; size=&#8221;16&#8243; font_weight=&#8221;400&#8243; font_family=&#8221;Open+Sans&#8221; font_type=&#8221;google&#8221;]\n<h2 style=\"text-align: center;\"><strong>TEATRO EL MILAGRO<\/strong><\/h2>\n<p style=\"text-align: center;\"><strong>Consejo directivo<\/strong><br \/>\nDaniel Gim\u00e9nez Cacho,<br \/>\nPablo Moya Rossi,<br \/>\nDavid Olgu\u00edn,<br \/>\nGabriel Pascal,<\/p>\n<p style=\"text-align: center;\"><strong>Prensa y relaciones p\u00fablicas<\/strong><br \/>\nL\u00eda Gonz\u00e1lez<\/p>\n<p style=\"text-align: center;\"><strong>Asistente administrativo<br \/>\n<\/strong>Roc\u00edo Blasio<\/p>\n<p style=\"text-align: center;\"><strong>Atenci\u00f3n a p\u00fablico y Cafeter\u00eda<br \/>\n<\/strong>Mar\u00eda Alejandra Valdivia N\u00fa\u00f1ez<\/p>\n<p style=\"text-align: center;\"><strong>Planta t\u00e9cnica<\/strong><\/p>\n<p style=\"text-align: center;\">Celso Mart\u00ednez Flores<\/p>\n<p style=\"text-align: center;\">Rodolfo Mora Gonz\u00e1lez<\/p>\n<p style=\"text-align: center;\">Christofer P\u00e9rez Illescas<\/p>\n<p style=\"text-align: center;\">\n<p style=\"text-align: center;\"><strong>Dise\u00f1o gr\u00e1fico Teatro El Milagro<\/strong><\/p>\n<div style=\"text-align: center;\"><span class=\"Apple-style-span\"> Mar Aroko<\/span><\/div>\n<div><\/div>\n<p style=\"text-align: center;\"><strong>Contabilidad externa<br \/>\n<\/strong>C.P. Hugo Arroyo<br \/>\nC.P. Francisco Javier Mac\u00edas<\/p>\n<p style=\"text-align: center;\"><strong>Ediciones El Milagro<br \/>\n<\/strong>Roc\u00edo Blasio<\/p>\n[\/mk_fancy_title][vc_row_inner][vc_column_inner width=&#8221;1\/4&#8243;][vc_single_image image=&#8221;407&#8243; img_size=&#8221;full&#8221; alignment=&#8221;center&#8221; onclick=&#8221;img_link_large&#8221;][\/vc_column_inner][vc_column_inner width=&#8221;1\/4&#8243;][vc_single_image image=&#8221;406&#8243; img_size=&#8221;full&#8221; alignment=&#8221;center&#8221; onclick=&#8221;img_link_large&#8221;][\/vc_column_inner][vc_column_inner width=&#8221;1\/4&#8243;][vc_single_image image=&#8221;405&#8243; img_size=&#8221;full&#8221; alignment=&#8221;center&#8221; onclick=&#8221;img_link_large&#8221;][\/vc_column_inner][vc_column_inner width=&#8221;1\/4&#8243;][vc_single_image image=&#8221;1324&#8243; img_size=&#8221;full&#8221; alignment=&#8221;center&#8221; onclick=&#8221;img_link_large&#8221;][\/vc_column_inner][\/vc_row_inner][\/vc_row]\n","protected":false},"excerpt":{"rendered":"<p>[vc_row][mk_fancy_title tag_name=&#8221;span&#8221; color=&#8221;#404040&#8243; size=&#8221;16&#8243; font_weight=&#8221;400&#8243; font_family=&#8221;Open+Sans&#8221; font_type=&#8221;google&#8221;] TEATRO EL MILAGRO Consejo directivo Daniel Gim\u00e9nez Cacho, Pablo Moya Rossi, David Olgu\u00edn, Gabriel Pascal, Prensa y relaciones p\u00fablicas L\u00eda Gonz\u00e1lez Asistente administrativo Roc\u00edo Blasio Atenci\u00f3n a p\u00fablico y Cafeter\u00eda Mar\u00eda Alejandra Valdivia N\u00fa\u00f1ez Planta t\u00e9cnica Celso Mart\u00ednez Flores Rodolfo Mora Gonz\u00e1lez Christofer P\u00e9rez Illescas Dise\u00f1o gr\u00e1fico Teatro [&hellip;]<\/p>\n","protected":false},"author":4,"featured_media":0,"parent":0,"menu_order":17,"comment_status":"closed","ping_status":"closed","template":"","meta":[],"_links":{"self":[{"href":"https:\/\/elmilagro.org.mx\/st\/wp-json\/wp\/v2\/pages\/348"}],"collection":[{"href":"https:\/\/elmilagro.org.mx\/st\/wp-json\/wp\/v2\/pages"}],"about":[{"href":"https:\/\/elmilagro.org.mx\/st\/wp-json\/wp\/v2\/types\/page"}],"author":[{"embeddable":true,"href":"https:\/\/elmilagro.org.mx\/st\/wp-json\/wp\/v2\/users\/4"}],"replies":[{"embeddable":true,"href":"https:\/\/elmilagro.org.mx\/st\/wp-json\/wp\/v2\/comments?post=348"}],"version-history":[{"count":17,"href":"https:\/\/elmilagro.org.mx\/st\/wp-json\/wp\/v2\/pages\/348\/revisions"}],"predecessor-version":[{"id":7062,"href":"https:\/\/elmilagro.org.mx\/st\/wp-json\/wp\/v2\/pages\/348\/revisions\/7062"}],"wp:attachment":[{"href":"https:\/\/elmilagro.org.mx\/st\/wp-json\/wp\/v2\/media?parent=348"}],"curies":[{"name":"wp","href":"https:\/\/api.w.org\/{rel}","templated":true}]}}

[vc_row][mk_fancy_title tag_name=&#8221;span&#8221; color=&#8221;#404040&#8243; size=&#8221;16&#8243; font_weight=&#8221;400&#8243; font_family=&#8221;Open+Sans&#8221; font_type=&#8221;google&#8221;]
<h2 style="text-align: center;"><strong>TEATRO EL MILAGRO</strong></h2>
<p style="text-align: center;"><strong>Consejo directivo</strong><br />
Daniel Giménez Cacho,<br />
Pablo Moya Rossi,<br />
David Olguín,<br />
Gabriel Pascal,</p>
<p style="text-align: center;"><strong>Prensa y relaciones públicas</strong><br />
Lía González</p>
<p style="text-align: center;"><strong>Asistente administrativo<br />
</strong>Rocío Blasio</p>
<p style="text-align: center;"><strong>Atención a público y Cafetería<br />
</strong>María Alejandra Valdivia Núñez</p>
<p style="text-align: center;"><strong>Planta técnica</strong></p>
<p style="text-align: center;">Celso Martínez Flores</p>
<p style="text-align: center;">Rodolfo Mora González</p>
<p style="text-align: center;">Christofer Pérez Illescas</p>
<p style="text-align: center;">
<p style="text-align: center;"><strong>Diseño gráfico Teatro El Milagro</strong></p>
<div style="text-align: center;"><span class="Apple-style-span"> Mar Aroko</span></div>
<div></div>
<p style="text-align: center;"><strong>Contabilidad externa<br />
</strong>C.P. Hugo Arroyo<br />
C.P. Francisco Javier Macías</p>
<p style="text-align: center;"><strong>Ediciones El Milagro<br />
</strong>Rocío Blasio</p>
[/mk_fancy_title][vc_row_inner][vc_column_inner width=&#8221;1/4&#8243;][vc_single_image image=&#8221;407&#8243; img_size=&#8221;full&#8221; alignment=&#8221;center&#8221; onclick=&#8221;img_link_large&#8221;][/vc_column_inner][vc_column_inner width=&#8221;1/4&#8243;][vc_single_image image=&#8221;406&#8243; img_size=&#8221;full&#8221; alignment=&#8221;center&#8221; onclick=&#8221;img_link_large&#8221;][/vc_column_inner][vc_column_inner width=&#8221;1/4&#8243;][vc_single_image image=&#8221;405&#8243; img_size=&#8221;full&#8221; alignment=&#8221;center&#8221; onclick=&#8221;img_link_large&#8221;][/vc_column_inner][vc_column_inner width=&#8221;1/4&#8243;][vc_single_image image=&#8221;1324&#8243; img_size=&#8221;full&#8221; alignment=&#8221;center&#8221; onclick=&#8221;img_link_large&#8221;][/vc_column_inner][/vc_row_inner][/vc_row]

<p>[vc_row][mk_fancy_title tag_name=&#8221;span&#8221; color=&#8221;#404040&#8243; size=&#8221;16&#8243; font_weight=&#8221;400&#8243; font_family=&#8221;Open+Sans&#8221; font_type=&#8221;google&#8221;] TEATRO EL MILAGRO Consejo directivo Daniel Giménez Cacho, Pablo Moya Rossi, David Olguín, Gabriel Pascal, Prensa y relaciones públicas Lía González Asistente administrativo Rocío Blasio Atención a público y Cafetería María Alejandra Valdivia Núñez Planta técnica Celso Martínez Flores Rodolfo Mora González Christofer Pérez Illescas Diseño gráfico Teatro [&hellip;]</p>
