{"id":327,"date":"2017-04-25T21:18:28","date_gmt":"2017-04-25T21:18:28","guid":{"rendered":"http:\/\/bantics.xyz\/bgmil\/?page_id=327"},"modified":"2024-06-18T23:51:13","modified_gmt":"2024-06-19T04:51:13","slug":"lo-que-dice-la-critica","status":"publish","type":"page","link":"https:\/\/elmilagro.org.mx\/st\/lo-que-dice-la-critica\/","title":{"rendered":"Lo que dice la Cr\u00edtica"},"content":{"rendered":"[mk_page_section bg_position=&#8221;center center&#8221; bg_repeat=&#8221;no-repeat&#8221; bg_stretch=&#8221;true&#8221; enable_3d=&#8221;true&#8221; video_color_mask=&#8221;#ffffff&#8221; video_opacity=&#8221;0.9&#8243; min_height=&#8221;0&#8243; padding_top=&#8221;60&#8243; sidebar=&#8221;sidebar-1&#8243;][vc_column][mk_fancy_title tag_name=&#8221;span&#8221; color=&#8221;#404040&#8243; size=&#8221;64&#8243; font_weight=&#8221;600&#8243; font_family=&#8221;Playfair+Display&#8221; font_type=&#8221;google&#8221;]Lo que dice la Cr\u00edtica[\/mk_fancy_title][vc_video max_width=&#8221;1526&#8243; link=&#8221;https:\/\/www.youtube.com\/watch?v=ouNy0_lbszk&#038;t=5944s&#8221; autoplay=&#8221;true&#8221;][mk_fancy_title font_family=&#8221;none&#8221;]<span style=\"vertical-align: inherit;\"><span style=\"vertical-align: inherit;\">Gabriel Pascal Falc\u00f3n, i<\/span><\/span><span style=\"vertical-align: inherit;\"><span style=\"vertical-align: inherit;\">luminador y escen\u00f3grafo<\/span><\/span>[\/mk_fancy_title][vc_custom_heading text=&#8221;Gabriel Pascal Falc\u00f3n, entrevista en Canal 11, 25\/02\/2024&#8243; font_container=&#8221;tag:h2|text_align:left|color:%234233e0&#8243; link=&#8221;url:https%3A%2F%2Faprenderaenvejecer.tv%2Fentrevista%2Fgabriel-pascal-falcon%2F|||&#8221;][\/vc_column][\/mk_page_section][vc_row][vc_column][vc_column_text css=&#8221;.vc_custom_1718771609517{margin-bottom: 0px !important;}&#8221;]En M\u00e9xico hablar de teatro, iluminaci\u00f3n y escenograf\u00eda implica hacer una alusi\u00f3n a Gabriel Pascal Falc\u00f3n. Experto en la t\u00e9cnica teatral para iluminar, fue arm\u00e1ndose en la vida de un sistema autodidacta para abordar la pr\u00e1ctica escenogr\u00e1fica de la mano de directores de primera y obras inolvidables. Nacido en la Ciudad de M\u00e9xico en 1951, en voz del propio Pascal Falc\u00f3n esto ocurre con los espacios, los territorios y la manera de habitar teatralmente un lugar cuando se habla de escenograf\u00eda<a href=\"https:\/\/aprenderaenvejecer.tv\/entrevista\/gabriel-pascal-falcon\/#_ftn1\" name=\"_ftnref1\">[1]<\/a>:<\/p>\n<p>\u201cLa escenograf\u00eda no define al teatro o a la puesta en escena, lo que define al teatro es el todo y los elementos por separado no lo pueden definir jam\u00e1s; si no fuera as\u00ed, no ser\u00edamos necesarios los unos a los otros. Creo, siempre lo digo, que el espectador paga un boleto, primero, por ver a un actor, despu\u00e9s paga por un autor, despu\u00e9s por el director y ni mi familia paga por ver mi trabajo. Y nunca me he imaginado un espect\u00e1culo de luz y de escenograf\u00eda solamente, lo que le da sentido al teatro son los seres vivos, ah\u00ed, que acaban de construir la escenograf\u00eda o la luz.<\/p>\n<p>Yo creo que la escenograf\u00eda es el espacio teatral. El espacio crea toda una sensaci\u00f3n en el espectador desde que uno abre el tel\u00f3n. Para mi gusto, el espacio tiene tambi\u00e9n su pie de entrada: d\u00f3nde se ve y se impone, d\u00f3nde se borra y participa, puede ser un protagonista o puede ser un personaje m\u00e1s adelante, ese es mi concepto del espacio.\u201d<\/p>\n<p>Admirador de Alejandro Luna, creador mexicano quien fue famoso por su talento como iluminador de escena, en teatro y cine, Pascal Falc\u00f3n dice de la luz<a href=\"https:\/\/aprenderaenvejecer.tv\/entrevista\/gabriel-pascal-falcon\/#_ftn2\" name=\"_ftnref2\">[2]<\/a>:<\/p>\n<p>\u201cLa luz tambi\u00e9n es parte de la escenograf\u00eda. Yo concibo la escenograf\u00eda junto con la luz, no las acabo de separar, y creo que es por mi historia: siempre he iluminado mis dise\u00f1os. No s\u00e9 si alg\u00fan d\u00eda alguien iluminar\u00e1 mis dise\u00f1os, pero creo que no, porque tengo muy unificado el concepto\u2026\u201d<\/p>\n<p>Para conocer la cantidad de obras en las que ha participado este gran talento del teatro mexicano, se puede visitar el sitio:\u00a0<a href=\"https:\/\/citru.inba.gob.mx\/proyectos\/investigacion\/9escenografos\/9em\/ma.html\">https:\/\/citru.inba.gob.mx\/proyectos\/investigacion\/9escenografos\/9em\/ma.html<\/a>[\/vc_column_text][\/vc_column][\/vc_row]\n","protected":false},"excerpt":{"rendered":"<p>[mk_page_section bg_position=&#8221;center center&#8221; bg_repeat=&#8221;no-repeat&#8221; bg_stretch=&#8221;true&#8221; enable_3d=&#8221;true&#8221; video_color_mask=&#8221;#ffffff&#8221; video_opacity=&#8221;0.9&#8243; min_height=&#8221;0&#8243; padding_top=&#8221;60&#8243; sidebar=&#8221;sidebar-1&#8243;][vc_column][mk_fancy_title tag_name=&#8221;span&#8221; color=&#8221;#404040&#8243; size=&#8221;64&#8243; font_weight=&#8221;600&#8243; font_family=&#8221;Playfair+Display&#8221; font_type=&#8221;google&#8221;]Lo que dice la Cr\u00edtica[\/mk_fancy_title][vc_video max_width=&#8221;1526&#8243; link=&#8221;https:\/\/www.youtube.com\/watch?v=ouNy0_lbszk&#038;t=5944s&#8221; autoplay=&#8221;true&#8221;][mk_fancy_title font_family=&#8221;none&#8221;]Gabriel Pascal Falc\u00f3n, iluminador y escen\u00f3grafo[\/mk_fancy_title][vc_custom_heading text=&#8221;Gabriel Pascal Falc\u00f3n, entrevista en Canal 11, 25\/02\/2024&#8243; font_container=&#8221;tag:h2|text_align:left|color:%234233e0&#8243; link=&#8221;url:https%3A%2F%2Faprenderaenvejecer.tv%2Fentrevista%2Fgabriel-pascal-falcon%2F|||&#8221;][\/vc_column][\/mk_page_section][vc_row][vc_column][vc_column_text css=&#8221;.vc_custom_1718771609517{margin-bottom: 0px !important;}&#8221;]En M\u00e9xico hablar de teatro, iluminaci\u00f3n y escenograf\u00eda implica hacer una alusi\u00f3n a [&hellip;]<\/p>\n","protected":false},"author":4,"featured_media":0,"parent":0,"menu_order":26,"comment_status":"closed","ping_status":"closed","template":"","meta":[],"_links":{"self":[{"href":"https:\/\/elmilagro.org.mx\/st\/wp-json\/wp\/v2\/pages\/327"}],"collection":[{"href":"https:\/\/elmilagro.org.mx\/st\/wp-json\/wp\/v2\/pages"}],"about":[{"href":"https:\/\/elmilagro.org.mx\/st\/wp-json\/wp\/v2\/types\/page"}],"author":[{"embeddable":true,"href":"https:\/\/elmilagro.org.mx\/st\/wp-json\/wp\/v2\/users\/4"}],"replies":[{"embeddable":true,"href":"https:\/\/elmilagro.org.mx\/st\/wp-json\/wp\/v2\/comments?post=327"}],"version-history":[{"count":8,"href":"https:\/\/elmilagro.org.mx\/st\/wp-json\/wp\/v2\/pages\/327\/revisions"}],"predecessor-version":[{"id":6414,"href":"https:\/\/elmilagro.org.mx\/st\/wp-json\/wp\/v2\/pages\/327\/revisions\/6414"}],"wp:attachment":[{"href":"https:\/\/elmilagro.org.mx\/st\/wp-json\/wp\/v2\/media?parent=327"}],"curies":[{"name":"wp","href":"https:\/\/api.w.org\/{rel}","templated":true}]}}

Lo que dice la Crítica

[mk_page_section bg_position=&#8221;center center&#8221; bg_repeat=&#8221;no-repeat&#8221; bg_stretch=&#8221;true&#8221; enable_3d=&#8221;true&#8221; video_color_mask=&#8221;#ffffff&#8221; video_opacity=&#8221;0.9&#8243; min_height=&#8221;0&#8243; padding_top=&#8221;60&#8243; sidebar=&#8221;sidebar-1&#8243;][vc_column][mk_fancy_title tag_name=&#8221;span&#8221; color=&#8221;#404040&#8243; size=&#8221;64&#8243; font_weight=&#8221;600&#8243; font_family=&#8221;Playfair+Display&#8221; font_type=&#8221;google&#8221;]Lo que dice la Crítica[/mk_fancy_title][vc_video max_width=&#8221;1526&#8243; link=&#8221;https://www.youtube.com/watch?v=ouNy0_lbszk&#038;t=5944s&#8221; autoplay=&#8221;true&#8221;][mk_fancy_title font_family=&#8221;none&#8221;]<span style="vertical-align: inherit;"><span style="vertical-align: inherit;">Gabriel Pascal Falcón, i</span></span><span style="vertical-align: inherit;"><span style="vertical-align: inherit;">luminador y escenógrafo</span></span>[/mk_fancy_title][vc_custom_heading text=&#8221;Gabriel Pascal Falcón, entrevista en Canal 11, 25/02/2024&#8243; font_container=&#8221;tag:h2|text_align:left|color:%234233e0&#8243; link=&#8221;url:https%3A%2F%2Faprenderaenvejecer.tv%2Fentrevista%2Fgabriel-pascal-falcon%2F|||&#8221;][/vc_column][/mk_page_section][vc_row][vc_column][vc_column_text css=&#8221;.vc_custom_1718771609517{margin-bottom: 0px !important;}&#8221;]En México hablar de teatro, iluminación y escenografía implica hacer una alusión a Gabriel Pascal Falcón. Experto en la técnica teatral para iluminar, fue armándose en la vida de un sistema autodidacta para abordar la práctica escenográfica de la mano de directores de primera y obras inolvidables. Nacido en la Ciudad de México en 1951, en voz del propio Pascal Falcón esto ocurre con los espacios, los territorios y la manera de habitar teatralmente un lugar cuando se habla de escenografía<a href="https://aprenderaenvejecer.tv/entrevista/gabriel-pascal-falcon/#_ftn1" name="_ftnref1">[1]</a>:</p>
<p>“La escenografía no define al teatro o a la puesta en escena, lo que define al teatro es el todo y los elementos por separado no lo pueden definir jamás; si no fuera así, no seríamos necesarios los unos a los otros. Creo, siempre lo digo, que el espectador paga un boleto, primero, por ver a un actor, después paga por un autor, después por el director y ni mi familia paga por ver mi trabajo. Y nunca me he imaginado un espectáculo de luz y de escenografía solamente, lo que le da sentido al teatro son los seres vivos, ahí, que acaban de construir la escenografía o la luz.</p>
<p>Yo creo que la escenografía es el espacio teatral. El espacio crea toda una sensación en el espectador desde que uno abre el telón. Para mi gusto, el espacio tiene también su pie de entrada: dónde se ve y se impone, dónde se borra y participa, puede ser un protagonista o puede ser un personaje más adelante, ese es mi concepto del espacio.”</p>
<p>Admirador de Alejandro Luna, creador mexicano quien fue famoso por su talento como iluminador de escena, en teatro y cine, Pascal Falcón dice de la luz<a href="https://aprenderaenvejecer.tv/entrevista/gabriel-pascal-falcon/#_ftn2" name="_ftnref2">[2]</a>:</p>
<p>“La luz también es parte de la escenografía. Yo concibo la escenografía junto con la luz, no las acabo de separar, y creo que es por mi historia: siempre he iluminado mis diseños. No sé si algún día alguien iluminará mis diseños, pero creo que no, porque tengo muy unificado el concepto…”</p>
<p>Para conocer la cantidad de obras en las que ha participado este gran talento del teatro mexicano, se puede visitar el sitio: <a href="https://citru.inba.gob.mx/proyectos/investigacion/9escenografos/9em/ma.html">https://citru.inba.gob.mx/proyectos/investigacion/9escenografos/9em/ma.html</a>[/vc_column_text][/vc_column][/vc_row]

<p>[mk_page_section bg_position=&#8221;center center&#8221; bg_repeat=&#8221;no-repeat&#8221; bg_stretch=&#8221;true&#8221; enable_3d=&#8221;true&#8221; video_color_mask=&#8221;#ffffff&#8221; video_opacity=&#8221;0.9&#8243; min_height=&#8221;0&#8243; padding_top=&#8221;60&#8243; sidebar=&#8221;sidebar-1&#8243;][vc_column][mk_fancy_title tag_name=&#8221;span&#8221; color=&#8221;#404040&#8243; size=&#8221;64&#8243; font_weight=&#8221;600&#8243; font_family=&#8221;Playfair+Display&#8221; font_type=&#8221;google&#8221;]Lo que dice la Crítica[/mk_fancy_title][vc_video max_width=&#8221;1526&#8243; link=&#8221;https://www.youtube.com/watch?v=ouNy0_lbszk&#038;t=5944s&#8221; autoplay=&#8221;true&#8221;][mk_fancy_title font_family=&#8221;none&#8221;]Gabriel Pascal Falcón, iluminador y escenógrafo[/mk_fancy_title][vc_custom_heading text=&#8221;Gabriel Pascal Falcón, entrevista en Canal 11, 25/02/2024&#8243; font_container=&#8221;tag:h2|text_align:left|color:%234233e0&#8243; link=&#8221;url:https%3A%2F%2Faprenderaenvejecer.tv%2Fentrevista%2Fgabriel-pascal-falcon%2F|||&#8221;][/vc_column][/mk_page_section][vc_row][vc_column][vc_column_text css=&#8221;.vc_custom_1718771609517{margin-bottom: 0px !important;}&#8221;]En México hablar de teatro, iluminación y escenografía implica hacer una alusión a [&hellip;]</p>
